ivided by 9?
7
Suppose 0*c = c - 46. Let j = -33 + c. Calculate the remainder when 37 is divided by j.
11
Let g(d) = d**2 + 16*d + 2. Calculate the remainder when g(-17) is divided by 10.
9
Let y = -1 - -6. Let n(f) = f**2 - 3*f. Let v be n(y). Suppose -p + 5 = -v. What is the remainder when 44 is divided by p?
14
Suppose 4*v + 0 = 8. Let n = 57 - v. Calculate the remainder when n is divided by 19.
17
Suppose -3*i = s - 25, 4*i - 3*s - 29 = -0*s. Let n(y) = y**2 + 3*y - 87. Calculate the remainder when n(-12) is divided by i.
5
Let i = 9 + -5. Calculate the remainder when ((-7)/(-2))/(2/i) is divided by 3.
1
Let o = -6 - -1. What is the remainder when (o + 6)*(-1 + 34) is divided by 17?
16
Calculate the remainder when 15 is divided by 6 - 0/((-12)/4).
3
Let l = 3 - 0. Let v be 6 + (l + 0 - 3). What is the remainder when 136/v - (-14)/(-21) is divided by 8?
6
Suppose 3*p + 0 = 4*k + 1, -4*p - 2*k + 38 = 0. Let a = 14 + -11. Suppose a*h = 3*q - 3, 4*q = -h + 4*h + 7. Calculate the remainder when p is divided by h.
1
Suppose -3*q = -2*t + 122, 0 = -4*t + 3*q + 171 + 61. Suppose -t = 5*l - 160. What is the remainder when l is divided by 8?
5
Suppose 3*z + z - 40 = 0. Let o = 91 + -35. Let l = -27 + o. What is the remainder when l is divided by z?
9
Suppose -230 = -3*n - 5*f, 3*n - 64 = 3*f + 182. Calculate the remainder when n is divided by 2/(-5) + 137/5.
26
Suppose 3*h - 3*s - 15 = 0, -2*h = 2*s + 3*s - 45. What is the remainder when h is divided by 6?
4
Let x = -11 + 15. Suppose -2*r - 1 = -5*f, 5 = f + x. Suppose -r*h = -t + 17, -6*t - 2*h + 4 = -4*t. Calculate the remainder when 18 is divided by t.
4
Suppose -12 = -2*s - 3*b - b, -2*b + 4 = 0. What is the remainder when 21 + (-3)/1 + s is divided by 11?
9
Let x(l) = -l**2 - 5*l + 3. Let g be x(-5). Suppose -f = -2*o - 24, g*o = 5*f - f - 46. What is the remainder when 7 is divided by (-12)/o*5/2?
1
Let w(i) = i**3 + 4*i**2 - 3*i + 2. Suppose 60 = 4*y - 16. Let l = y - 12. Calculate the remainder when w(-3) is divided by l.
6
Let u be 5*(3 + (-21)/5). What is the remainder when 10 is divided by u/(-9)*-1*-9?
4
Let m = 19 - 47. Let o = -16 - m. Calculate the remainder when 22 is divided by o.
10
Let n be 0 - (-2 + -1 + 3). Let c be (-7 - -4)/(1 - n). Let k(x) = x**3 + 4*x**2 - 2. What is the remainder when k(c) is divided by 3?
1
Let t(m) = 26*m**3 - m + 2. Let y be t(-2). What is the remainder when (y/(-4))/1 - -1 is divided by 18?
16
Suppose 2*p = 89 + 11. Suppose 3*t + 5 = p. Suppose l = -4*l - t, -40 = -4*y + 4*l. Calculate the remainder when y is divided by 2.
1
Let q = -5 - 1. Suppose 18*x = -4*x + 330. What is the remainder when (0 - 33)*8/q is divided by x?
14
Let i(w) = 8*w - 10. What is the remainder when 25 is divided by i(3)?
11
Suppose -4*i = -4*n + 40, 5*n + i - 2 = 4*n. What is the remainder when 11 is divided by n?
5
Suppose -f + 6*k + 59 = 10*k, -2*k = 2*f - 124. What is the remainder when f is divided by (0/(-1) - -21) + 1?
19
Let v(l) = 3*l + 10. Calculate the remainder when v(20) is divided by 25.
20
Let v = -43 + 62. What is the remainder when v is divided by 11?
8
Suppose 3*x - x - 2 = 0. Suppose -u + 4*u - 9 = 0, -5*z = u - 28. Calculate the remainder when z is divided by (-3 - -6)/3 + x.
1
Let p = -4 - -18. Let h(b) = 3*b**2 - b - 2. Suppose -2*c = -f - 8, 2*c + 2*c - 26 = -3*f. What is the remainder when p is divided by h(f)?
6
Let m(n) = n**2 - n. Suppose 6 + 6 = -4*b. What is the remainder when 57 is divided by m(b)?
9
Suppose 4*q - 4 - 164 = 0. What is the remainder when q is divided by 22?
20
What is the remainder when 33 is divided by 18/(9*(-1)/(-6))?
9
Let s = -91 - -103. Calculate the remainder when 33 is divided by s.
9
Let s(c) = -16*c**3 - 2*c - 1. Suppose 0 = m - 5, -2*h + 113 = 4*m - m. What is the remainder when h is divided by s(-1)?
15
Let z be 0/((-2)/(-2 - -1)). Suppose 4*l - 14 - 54 = z. Let g(u) = -17*u - 36. Calculate the remainder when g(-4) is divided by l.
15
Suppose -m - 2 + 4 = 0. Suppose -v - 16 = 4*i, -v - 3*v = 4*i + 16. Suppose v = -m*o + 5*o - 36. Calculate the remainder when 35 is divided by o.
11
Suppose -l + 2*l - 49 = 0. Calculate the remainder when l is divided by (4 - 4) + 3 - -10.
10
Suppose 0 = g - 1 - 14. What is the remainder when 59 is divided by g?
14
Suppose -2*a + 37 - 11 = 0. Calculate the remainder when 36 is divided by a.
10
Let q(d) = 8*d**2 - d - 1. Let h(t) = t**2 - t + 17. Calculate the remainder when q(-2) is divided by h(0).
16
Suppose -6*w = -2*w - 100. Calculate the remainder when w is divided by 9.
7
Let v(p) be the third derivative of -p**5/60 - p**4/4 + p**3/3 - 3*p**2. Calculate the remainder when 20 is divided by v(-5).
6
Suppose -4*r - 37 = -169. Suppose -172 = -5*g + r. Let s = -32 - -46. Calculate the remainder when g is divided by s.
13
Suppose 0 = -h - 4 - 20. Let q = h - -42. Let i(p) = -p + 52. Calculate the remainder when i(0) is divided by q.
16
Let z = 36 - 3. Calculate the remainder when z is divided by 12.
9
What is the remainder when 47 is divided by (-15)/(-20)*-1*(-16 - 0)?
11
What is the remainder when 25 is divided by 44/14 - 1/7?
1
Let o be (-2 - 2*-1)/2. Let r(f) = f**3 - 2*f**2 + 4. What is the remainder when (o - -1 - 1) + 38 is divided by r(3)?
12
Let t be (45/(-12))/((-1)/(-8)). Let l = -12 - t. What is the remainder when l is divided by 10?
8
Let i(m) = -m**2 - 7*m. Suppose p + 2 = 1, -2*g = -4*p - 62. Let f = g + -11. Calculate the remainder when f is divided by i(-5).
8
Let w(v) = v**3 + 7*v**2 - 4*v + 4. Let n be w(-5). Let m = n - 41. What is the remainder when m is divided by (-52)/(-3) - 4/12?
16
Suppose -254 = -5*p + 2371. What is the remainder when (p/(-14))/((-1)/2) is divided by 19?
18
Let z(h) = -4*h + 2 - 3*h**2 - 5*h + 1 + 2*h**2. Suppose 3*y - y = 16. Calculate the remainder when y is divided by z(-9).
2
Suppose 6 = 5*d - g, -5*d + 0*g = 2*g - 18. Calculate the remainder when 5 is divided by d.
1
Let j = 244 - 152. Suppose -3*c = -7*c + j. What is the remainder when c is divided by 6?
5
Let x be (-4)/(-10) + (-104)/(-65). Suppose -137 = -5*p + x*g, 4*p = 4*g - g + 104. Calculate the remainder when p is divided by 8.
5
Let k = -25 - -82. What is the remainder when k is divided by 356/24 + (-3)/(-18)?
12
Suppose 2*t - 13 = 4*a - a, 4*t = a + 31. Calculate the remainder when 29 is divided by t.
5
Let o = -10 + 9. Calculate the remainder when 2 is divided by (-2)/(-4 - (o - 1)).
0
Suppose 0 = m + 14 + 8. Suppose -6 + 41 = 5*k. Calculate the remainder when (-4)/m + 282/22 is divided by k.
6
Suppose -82 - 36 = -2*u. What is the remainder when u is divided by 15?
14
Suppose -46 = -5*a + 3*t + 4, -18 = -4*a - 2*t. Let n(l) = l**2 - 7*l + 7. Let d be n(7). Suppose 5*u - 8 = d. Calculate the remainder when a is divided by u.
1
What is the remainder when 4*-1 + -4 + (-12)/(-1) is divided by 2?
0
Let w be -1 + 264/(-3 + 7). Let x be 2/(((-12)/58)/3). Let j = w + x. What is the remainder when j is divided by 19?
17
Let y be -6*((-16)/(-6) - 2). Let x = 6 + y. Suppose q - x - 1 = 0. Calculate the remainder when 5 is divided by q.
2
Suppose 3*r - 6*r = 36. Calculate the remainder when 13 is divided by 2 + 1/(-2)*r.
5
Suppose -4*b - 4*r + 88 = 0, r - 3*r - 37 = -b. Calculate the remainder when b is divided by 10.
7
Suppose 5*h - 453 = -4*c, h + c - 136 + 45 = 0. Calculate the remainder when h is divided by 30.
29
Suppose -b + 122 = 4*h + 4*b, 0 = 5*b - 10. What is the remainder when 81 is divided by h?
25
Let r(f) = 2*f**2 - 5*f - 9. Suppose -4*p - 5 + 17 = 0. Calculate the remainder when ((-62)/(-6))/(1/p) is divided by r(5).
15
Suppose -a = -6*a - 5. Let p be (-9)/3 - 5/a. Suppose p*x - 3*r - r = 8, 4*x - 31 = 3*r. Calculate the remainder when 29 is divided by x.
9
Let h = 22 - 13. Calculate the remainder when 26 is divided by h.
8
Suppose 0 = 4*w - 0*w. Suppose m + 2*m - 15 = w. Suppose 0 = -m*t + 118 + 172. Calculate the remainder when t is divided by 20.
18
Suppose -f + 619 = 2*f + 2*p, -3*p - 624 = -3*f. What is the remainder when f is divided by 30?
27
Suppose -2*b + 2*t + 40 = 6*t, 0 = -3*b + t + 32. Suppose 33 = 3*o - 105. Calculate the remainder when o is divided by b.
10
Calculate the remainder when 41 is divided by 11 - 0*1/(-4).
8
Suppose 3*m = -5*h + 20, 4*h = -5*m + 32